 r be w(-16). Suppose -6*u = -u - r. Suppose u*b - f = 155 + 22, -6 = 3*f. List the prime factors of b.
5, 7
Let y(w) = w**3 - 2*w**2 - 2. Let n be y(2). Let t be (-28 - -6)*n/4. What are the prime factors of 1 + (0 - 0) - (t + -43)?
3, 11
Let m(t) = -t**3 - 6*t**2 - 2*t + 20. Let k be m(-5). Suppose 0 = d - k*z - 120, 212 = 4*d + z - 184. What are the prime factors of d?
2, 5
Let w = 46329 + -28457. List the prime factors of w.
2, 1117
Suppose -3*t + 6 = i - 2*i, 0 = -i + 4*t - 8. Let x = 0 + i. List the prime factors of (-103 - x)*(-9 - -8).
103
Suppose -4*i = -4*y - 8, -3*y + 36 = 4*i - 0*y. Suppose 3*b - i*b = 3*a - 2460, 4*a = 4. List the prime factors of b.
3, 7, 13
Suppose -2 = -5*i - 122. Let c = 10 - i. List the prime factors of c + (-1)/(1*4/8).
2
Let l(x) = -x + 12 - 6*x + x + 4*x. Let k be l(6). Let i(o) = -o**3 - 2*o + 82. What are the prime factors of i(k)?
2, 41
Suppose 2*r + 21266 = f, -60*r + 106276 = 5*f - 61*r. List the prime factors of f.
2, 10627
Let y(f) = -90*f + 41. Let z be y(-8). Let k = 1018 + z. List the prime factors of k.
3, 593
Let n(i) = -166*i**2 - 22 + 188*i**2 - 75 - 9*i. List the prime factors of n(-6).
7, 107
Suppose -35*t + 1920 = -33*t - 4*q, -t = -5*q - 948. Let c = t + -880. List the prime factors of c.
2, 11
Suppose 7*d - d - 3402 = 0. Suppose -1890 = -5*q + 5*r, -2*q + 187 = -4*r - d. What are the prime factors of q?
379
Suppose -7 = -d - k, 0 = -4*d - 4*k + 2*k + 24. Suppose -2*n = 9 - d. What are the prime factors of (n/(-4))/((-14)/(-4844))?
173
Let r(u) = 8*u**3 - u**2 - 7*u + 3. Let y be r(6). Suppose -3*d = -4*h - 375 + y, -5*h + 1607 = d. What are the prime factors of h?
3, 107
Let q(v) = -5*v + 36. Suppose 10*a + 39 = -1. Let m(u) = -2*u**2 - 9*u - 11. Let h be m(a). What are the prime factors of q(h)?
71
Let b be (-7)/(-14)*(-4 - -386). Let c = b + 315. List the prime factors of c.
2, 11, 23
Suppose 84*u - 436065 - 161008 = 226631. List the prime factors of u.
2, 4903
Let c = -6719 - -19598. What are the prime factors of c?
3, 53
Let s = -15 + 15. Suppose j + 2*i - 148 = -s*i, -142 = -j + 4*i. Suppose 5*r = 7*r - j. What are the prime factors of r?
73
Let z(b) = -2*b**2 - 2*b + 1. Let i be z(1). What are the prime factors of -3*(i + 2 + -82)?
3, 83
Let t = 80 - -800. Suppose -5*q + t - 355 = 5*j, -3 = -3*j. What are the prime factors of q?
2, 13
Let i(p) = -p**2 - 8*p - 4. Suppose 0 = 8*s - 12*s - 296. Let g = s - -71. List the prime factors of i(g).
11
Let f(a) = -2*a - 10*a + a**3 + a**2 - 20 + 5*a + 14*a**2. Suppose -i - 57 = 2*i - 4*l, -2*i - 27 = l. List the prime factors of f(i).
5, 17
Let r be ((-132)/(-198))/(-1 + (-13)/(-12)). Suppose r*l = -2*a + 11*l + 2995, 0 = l + 3. What are the prime factors of a?
1493
List the prime factors of -85*(-244 + 2*(57/6 - 7)).
5, 17, 239
Let u be (4 + -6 - -6) + (0 - -1). Suppose -z + 6 + 1364 = 4*w, u*w - 1705 = -5*z. What are the prime factors of w?
7
Suppose -7*h - 8432 = 1088. Let y = 268 - h. What are the prime factors of y?
2, 11, 37
Let l(c) = -14883*c**3 - 15*c**2 - 4*c + 1. List the prime factors of l(-1).
107, 139
Let d be (23 + (1 - 3))/(-1). Let n = -1102 - -1085. What are the prime factors of 10/(-4)*(n + d)?
5, 19
Suppose o - 9699 = i, 5*o + 32964 = -3*i + 3843. List the prime factors of i/(-33)*6/4.
3, 7
Suppose 31*c - 448861 + 112524 - 137715 = 0. What are the prime factors of c?
2, 3823
Suppose 0 = -2*t + 3*m + 9169, 4*t - 18339 = 30*m - 25*m. List the prime factors of t.
2, 2293
Let l(x) be the second derivative of 3*x**3/2 + 15*x**2 - 167*x. Let m(s) = -s**3 + s + 11. Let q be m(0). List the prime factors of l(q).
3, 43
Suppose -5*f + b = -87283, -2*f - 401*b + 399*b + 34906 = 0. What are the prime factors of f?
2, 1091
Let l = 1011 - -988. What are the prime factors of l?
1999
Let x be (-760)/35 - 2/7. Let k(v) = -29*v + 71. List the prime factors of k(x).
709
Let t(j) = 2*j**2 - 19*j - 5 - j**2 - 3*j**3 - 8*j**3 + 10*j**3 - 4*j**3. List the prime factors of t(-4).
11, 37
Let h(z) = -7*z**3 + 3*z**2 - 79*z - 58. List the prime factors of h(-17).
3, 13, 937
Let o = -843 - -2438. List the prime factors of o.
5, 11, 29
Let l(g) = -6*g + 24. Let m(r) = r**3 + 7*r + 17. Let i be m(-2). Let z be l(i). Suppose z*j = 55*j - 85. What are the prime factors of j?
5, 17
Let s(n) = 594*n**2 - 38*n + 116. What are the prime factors of s(8)?
2, 7, 193
Suppose 3*l - 21 = -9*p + 10*p, 17 = l + 3*p. Suppose -i + 2*i = -4*c + 1, 0 = -5*c + i + l. Let a = 18 + c. List the prime factors of a.
19
Let l = -6720 + 32055. What are the prime factors of l?
3, 5, 563
Suppose 197520 = -10770*s + 10776*s. What are the prime factors of s?
2, 5, 823
Suppose -3*i - 17535 = -3*t, 3*t - 3*i + 29217 = 8*t. List the prime factors of t.
2, 3, 487
Suppose -5*s - 2*g - 69 = 0, -30*g = 4*s - 31*g + 63. What are the prime factors of ((-80)/s)/((-14)/(-2331))?
2, 3, 37
List the prime factors of ((-235103)/(-1276))/((-1)/(-4)).
11, 67
Suppose 149 = -13*i - 2126. Let k = 593 + i. List the prime factors of k.
2, 11, 19
Let d(j) = 5*j - 34. Let o be d(10). Let s be -2*(-3 - 22*o/(-4)). Let h = 15 - s. List the prime factors of h.
5, 37
Suppose 3*u - 90874 = -5*m, -5*m + 45255 = -3*u - 45661. List the prime factors of m.
7, 53
Suppose 200 + 25 = 5*c. Suppose -w = o - 21, -w - c = -3*w + o. Suppose w*b = 24*b - 110. List the prime factors of b.
5, 11
Let h be (3 - -2) + -16 + 13. Suppose -h*t + 2 = 0, -c + 19*t + 1664 = 24*t. What are the prime factors of c?
3, 7, 79
Let x = 3548 - 2452. Let q = x - 606. What are the prime factors of q?
2, 5, 7
Let b(a) = -a**3 - 9*a**2 + 3*a + 27. Let g be b(-9). Suppose g = 10*i - 3*i - 3318. What are the prime factors of i?
2, 3, 79
What are the prime factors of (-1 + -1)*(-1944)/1?
2, 3
Suppose 0 = 39*c - 316293 - 377868. What are the prime factors of c?
3, 17, 349
Suppose 2*p - 3*w + 1398 = 444, -2*w + 4 = 0. List the prime factors of (22/(-6) - -3)*p.
2, 79
Suppose -2*o - 565 = -5*j, 4*j - 452 = -0*o + 4*o. Let u(n) = 17*n + 3. Let g be u(-3). Let c = j + g. List the prime factors of c.
5, 13
Let g be -4*(3/2 - (-54)/(-24)). Let q(k) = -8*k - 3*k + g*k + 32. List the prime factors of q(-14).
2, 3
Suppose -2*o + 21572 = 3*b - 19671, -3*b = -4*o + 82477. List the prime factors of o.
2, 5, 1031
Let x(w) = -w**3 + 19*w**2 - 22*w - 10. Let f be 9/((-45)/(-10)) - (-1 - 14). List the prime factors of x(f).
2, 97
Let t be (-2005)/(-105) - 6/63. Suppose -5*u + 1 = -14, -4*u + 18 = -h. Let d = h + t. What are the prime factors of d?
13
Suppose -17*g + 73432 - 1335 = 0. List the prime factors of g.
4241
Suppose -86856 = -58*w + 16*w. Suppose 1828 = 4*n - w. What are the prime factors of n?
2, 487
Let m(r) = -r**3 - 17*r**2 - 11*r + 18. Let p be (-5 - -4) + (-2 - -1). Let a be (-36 - -19)/(p/(-2)). List the prime factors of m(a).
5, 41
Let h(j) = -6*j - 4. Let y be h(-1). Suppose -4*c - y*o + 7*o - 591 = 0, 0 = -3*c + o - 435. Let g = -79 - c. What are the prime factors of g?
5, 13
Suppose 0 = -16*m + 19*m - 3. List the prime factors of 104 + m*(-5)/(5 + -10).
3, 5, 7
Suppose 4*z - 5*q = -36, -2*z + z + 12 = 4*q. Let o be (-6)/108*z + 4/(-18). Suppose o = 4*g - 343 - 137. List the prime factors of g.
2, 3, 5
Let s(b) = b**2 - 9*b + 50. Let h = 51 - 45. Let i be s(h). Let d = i + 69. List the prime factors of d.
101
Let i be (-4)/14 - 92/(-28). Suppose 5*q - i*q = 0. Let s(r) = r**3 + r**2 + 2*r + 83. What are the prime factors of s(q)?
83
Let r = 139 + -132. Suppose u = 2*i + 22, r*i - 40 = -4*u + 3*i. List the prime factors of u.
2, 7
Let i(z) = -z**2 + 4*z + 14. Let q be i(5). Suppose 11001 = q*x + 552. What are the prime factors of x?
3, 43
Suppose -31*c - 44*c - 139*c + 853646 = 0. What are the prime factors of c?
3989
Let k = 906 - 491. Let u = -40 + k. What are the prime factors of u?
3, 5
Let i(h) = 285*h**3 - 8*h**2 + 18*h + 4. List the prime factors of i(3).
7681
Suppose 5 + 5 = 5*h. Suppose -2*i - 9 = 3*a, -17*i = -12*i - 2*a - 25. Suppose p - 4*z = h*p - 95, p - 95 = i*z. What are the prime factors of p?
5, 19
Let g be ((0 - 1) + 16/(-24))/((-3)/792). Let m(u) = 100*u. Let o be m(1). Suppose 0 = 6*v - g - o. List the prime factors of v.
2, 3, 5
Suppose -28*r + 30*r - 2*b + 8 = 0, 6 = -3*r - 3*b. List the prime factors of (-267)/(4 - (6